pose 3*q = -2*q - 3*r + 80, -3*q - r = -44. Let z = -1 + q. What is the tens digit of z?
1
Let v(i) = i**2. Let l be v(2). Let o(d) = -d**2 + 9*d - 6. What is the units digit of o(l)?
4
Let v(d) = -d**2 - 8*d + 5. Let c be v(-8). Suppose 2*f - 57 = a - 8, c*a = 4*f - 107. What is the units digit of f?
3
Suppose -5*w + 293 = -32. What is the tens digit of w?
6
Let w = 4 + -4. Let f(l) = -l + 30. What is the tens digit of f(w)?
3
Suppose 3*m - 3*q = -4*q + 66, -5*q + 100 = 5*m. What is the units digit of m?
3
Suppose q - 2*q + 22 = 0. What is the units digit of q?
2
Let s(l) = -l**3 - l**2 + l + 5. Suppose -2 = 5*j + 8. Let i be -1*0*(j - -3). What is the units digit of s(i)?
5
Suppose c = 43 - 4. What is the units digit of c?
9
Let w be (-2 - -2)*1/1. What is the units digit of w + 15 + 0/7?
5
Let s be ((-138)/2)/((-24)/64). Let j = -280 + s. What is the units digit of j/(-15) - (-3)/5?
7
Let i(v) = 15*v**3 + v**2 - v. Let t be i(1). Let h = -11 + t. What is the units digit of h?
4
Suppose 5 = -5*l - 4*g, -2*l + 10 = 5*g - 5. Let p be (9 - 1)/((-4)/10). What is the units digit of 8/p + (-22)/l?
4
Suppose 93 = l - 3*v, -v + 0*v = 3*l - 289. Suppose 2*o - l = -o. Suppose -2*h - o = -5*f, -4*h + 0 - 8 = -3*f. What is the units digit of f?
8
Suppose -105 = -5*h + 5*f, 4*h + 3*f = 9*h - 113. What is the units digit of h?
5
Suppose -4*o - 14 = -5*i - 40, -4*i - 16 = -2*o. Suppose 2*q = -o*m + 26, m - 44 = -3*m + 4*q. What is the units digit of m?
8
Suppose -5*k = 4*w + 31, -5*w + 3*w - 8 = 0. Let o be (3/k)/(-1) - 5. What is the units digit of o/(4/(-11))*1?
1
Let h = 4 - 2. Let c(b) = -b + b**3 - 5*b**3 - b**h - 4*b**3. What is the units digit of c(-1)?
8
Let q = -16 + 17. What is the units digit of (q - 4) + -1 + 11?
7
Let b(n) = 2*n + 6. Let r be b(-4). Let i(u) = -u**3 - u**2 + 3*u + 3. What is the units digit of i(r)?
1
Let s(o) = o**3 + 4*o**2 + 2*o + 2. Suppose -10 = -10*l + 5*l. Suppose -5*x - 21 = -2*q - 9, 0 = -3*x - 4*q - l. What is the units digit of s(x)?
6
What is the units digit of (0 - -1) + (6 - 1)?
6
Suppose 2*x + 84 = 2*c, 5*c + 4*x - 270 + 96 = 0. What is the units digit of c?
8
Let j be (7*2)/2*1. Let p be (6/9)/((-1)/6). Let q = p + j. What is the units digit of q?
3
Let j = -298 - -435. What is the hundreds digit of j?
1
Let y(w) = 2*w**2 - 4*w. Let z(a) = a**2 - a - 3. Let b be z(0). Let l be y(b). Suppose -4*n + l = 5*c, n - 24 = -3*n - 2*c. What is the units digit of n?
5
Suppose 560 = 4*a - 136. What is the tens digit of a?
7
Suppose -5*d - 49 = -6*d. What is the tens digit of d?
4
Suppose -2*a - 1 - 3 = 0, 5*o + a = 8. What is the units digit of o/(-4) - (-111)/6?
8
Let f(n) be the second derivative of -1/12*n**4 + 11/2*n**2 - 4/3*n**3 - n + 0. What is the units digit of f(-9)?
2
Let t = -7 + 4. Let h be 2*t/((-6)/(-4)). What is the tens digit of ((-14)/h)/((-9)/(-54))?
2
What is the tens digit of (-3)/9 + (-3550)/(-30)?
1
Suppose -2*z - 96 = -8*z. What is the units digit of z?
6
Suppose -48 = 3*k + k. Let w be 2/(-6) + (-4)/k. What is the units digit of (7 - w)/(-3 + 4)?
7
Suppose -4*t + 3*t + 6 = 0. Suppose m = 4*m - t. What is the units digit of m?
2
Let m(j) = -53*j - 23. What is the units digit of m(-5)?
2
Suppose 3*f + 0*f = 9. Suppose r - 28 = f*w, w + 15 + 3 = r. What is the tens digit of r?
1
Suppose 2*m + 3*m + 5*x - 130 = 0, 3*m - 4*x = 64. What is the tens digit of (m/10)/(6/40)?
1
Suppose n + 28 = 467. What is the hundreds digit of n?
4
Suppose 2 - 5 = -3*u. Let r = 4 - u. Suppose 3*q - r = -z + 11, 0 = -4*q - 5*z + 26. What is the units digit of q?
4
Let m(z) = 2*z**3 + z - 2. Let g be m(2). Suppose -5*o = -4*o - g. What is the tens digit of o?
1
Suppose 110 + 16 = w. What is the tens digit of w?
2
Let x = 3 - 5. Let q = 3 + x. Let g = 0 + q. What is the units digit of g?
1
Let r = -4 + 5. Let m be 0/(r - 1 - 1). Suppose 0 = -5*k - m*k + 30. What is the units digit of k?
6
Suppose v + 3*t - 87 = 0, 3*v - 347 = 3*t - 98. What is the units digit of v?
4
Let n(q) = -q**3 - 4*q**2 + 3. Let o be n(-4). Suppose 2*r + 2*y = 30, 3*r - y = o*y + 10. What is the units digit of r?
0
Let o(l) = -l**3 - l**2 + 3*l + 55. What is the units digit of o(0)?
5
Let i(n) = -4*n + 1. What is the units digit of i(-6)?
5
What is the units digit of 3*(8498/147 + 2/(-14))?
3
Suppose 3*r = 69 + 510. What is the units digit of r?
3
Suppose -p = p - 16. Suppose -p = -c + 8. What is the tens digit of c?
1
Let x = -593 - -1232. What is the units digit of 1/3 + x/27?
4
Let j = 4 - -3. Let x(d) = 2*d - 5. What is the units digit of x(j)?
9
Suppose -5*z - 8 = 7. Let f be (-3)/(z*1/2). What is the units digit of f/((-2)/(-2) + 1)?
1
Let a be -1 - (-1 - (5 - 1)). Let q = -1 + a. Suppose -10 - 14 = -q*c. What is the units digit of c?
8
Suppose -8*z = -13*z + 20. Suppose -3*b + 2 = -4. Suppose -z*s - 14 = b*a - 3*a, 3*a + 2*s = 28. What is the tens digit of a?
1
Suppose 10 = 3*s + 2*q, 5*q - 2 = 2*s + 4. Let m be (s/3)/(1/3). What is the units digit of 10 - 1*m/2?
9
Suppose 0 = -4*o + 9 + 7. Suppose -121 + 41 = -o*c. What is the tens digit of c?
2
Suppose 5*n - n - 20 = 0. Suppose 4*o = -4*z - 32, 0 = -0*o + n*o + 2*z + 25. Let k = o + 15. What is the tens digit of k?
1
Let s(o) = 16*o**2 + o + 2. What is the units digit of s(2)?
8
Suppose 81*k + 78 = 82*k. What is the units digit of k?
8
Let a(h) = 10*h + 2. Let i be a(-3). Let m = i - -40. What is the tens digit of m?
1
Let i be (-30)/(-4)*(-8)/(-6). Let j = 18 - i. What is the units digit of j?
8
Suppose 147*o - 145*o - 470 = 0. What is the tens digit of o?
3
Let g(u) = 12*u + 5. Let f be g(5). Suppose -4*i - 5*t + 2*t + f = 0, 1 = -i + 5*t. What is the tens digit of i?
1
Let b = -19 + 40. Let v = 36 - b. What is the units digit of v?
5
What is the units digit of (-1 + 1 - -2)*74/1?
8
Suppose -m = m - 20. Suppose 5*j - 2*u = -3*u + 17, -5*u + m = 0. Suppose 2*s + j*s - 10 = 0. What is the units digit of s?
2
Suppose -15 = -4*o - z, -5*o + 2*z + 4 + 5 = 0. What is the units digit of 1/(o - 4/2)?
1
What is the tens digit of 28 + 3*3/9?
2
Suppose -3*c + q + 1587 - 300 = 0, -c - 5*q + 413 = 0. What is the tens digit of c?
2
Let f(h) = 259*h**3 - 3*h**2 + 3*h - 2. What is the tens digit of f(1)?
5
Suppose 3*d = -0*c + c - 156, -4*c - d = -572. What is the hundreds digit of c?
1
Let r be (-2)/(((-6)/(-4))/(-3)). Suppose -11 - 1 = -r*j. Suppose -4*q - j*h = 2*h - 64, 0 = -q - 5*h + 31. What is the tens digit of q?
1
Let t be (0 - -4 - 19)/1. What is the tens digit of ((-24)/(-20))/((-1)/t)?
1
Suppose 4*f - 5*f + r = -112, 0 = -4*f - r + 423. What is the hundreds digit of f?
1
Let v = -22 + 45. What is the tens digit of v?
2
Suppose 2*p - 134 - 72 = 0. What is the hundreds digit of p?
1
Let i(k) = -k**3 - 3*k**2 + 5*k + 1. What is the units digit of i(-6)?
9
Suppose 2*h - 5*c = 656, 2*h + c = 7*h - 1594. What is the hundreds digit of h?
3
Let k = -11 - -7. Let c = 0 - k. What is the units digit of c?
4
Let x = -567 + 844. What is the tens digit of x?
7
Suppose 4*i + 25 = -11. Let p be i/(-2) + (-2)/(-4). Suppose -p*x + 15 = -5*g, 0 = -2*x + x + 5*g - 17. What is the units digit of x?
8
Suppose -4*i - w + 6 = 0, 0 = -3*i + 2*w + 3 + 7. Suppose i*v + 3*v = 30. What is the units digit of v?
6
Let b(n) = -n**3 - 5*n**2 - n + 1. Let a be b(-2). Let k(o) = -o**2 - 10*o - 8. Let q be k(a). Let u = 4 - q. What is the units digit of u?
3
Suppose -8*x - 144 = -12*x. What is the units digit of x?
6
Let q(i) = 21*i**2. Suppose -4*o + 2 + 2 = 0. What is the units digit of q(o)?
1
What is the units digit of (2/3 + 2)*675/18?
0
What is the hundreds digit of (-32)/80 - 767/(-5)?
1
Suppose -3*k + 2*c + 58 = 0, -2*c + 3 = 1. Suppose 2*w = k + 6. What is the units digit of w?
3
Suppose -9*y = -12*y - 150. Let r = 91 + y. What is the units digit of r?
1
Let c(g) = -g + 2. Let i be c(0). Suppose -4*o + 2*p - 46 = 32, -5*o + i*p = 96. Let s = o + 30. What is the tens digit of s?
1
Suppose 0 = -o + 1 - 0. Let i be 1/(o/2 - 0). Suppose 3*j = 5*l + i, l + 19 = j + 3*l. What is the units digit of j?
9
Let l(w) = w**3 + 3*w**2 - 5*w + 1. Let t be l(-4). Suppose 2*i = -2*b + 26, 2*i = b + t + 27. What is the units digit of i?
5
Let y = 318 + -147. What is the hundreds digit of y?
1
Suppose -4*m - 9*m + 2171 = 0. What is the